Last updated on 2024-05-04 13:49:18 CEST.
Flavor | Version | Tinstall | Tcheck | Ttotal | Status | Flags |
---|---|---|---|---|---|---|
r-devel-linux-x86_64-debian-clang | 2024.1-28 | 8.32 | 44.64 | 52.96 | OK | |
r-devel-linux-x86_64-debian-gcc | 2024.1-28 | 6.70 | 32.99 | 39.69 | OK | |
r-devel-linux-x86_64-fedora-clang | 2024.1-28 | 2.47 | ERROR | |||
r-devel-linux-x86_64-fedora-gcc | 2024.1-28 | 62.52 | OK | |||
r-devel-windows-x86_64 | 2024.1-28 | 12.00 | 55.00 | 67.00 | OK | |
r-patched-linux-x86_64 | 2024.1-28 | 7.31 | 43.13 | 50.44 | OK | |
r-release-linux-x86_64 | 2024.1-28 | 6.91 | 43.39 | 50.30 | OK | |
r-release-macos-arm64 | 2024.1-28 | 24.00 | OK | |||
r-release-macos-x86_64 | 2024.1-28 | 59.00 | OK | |||
r-release-windows-x86_64 | 2024.1-28 | 12.00 | 56.00 | 68.00 | OK | |
r-oldrel-macos-arm64 | 2024.1-28 | 28.00 | OK | |||
r-oldrel-macos-x86_64 | 2024.1-28 | 57.00 | OK | |||
r-oldrel-windows-x86_64 | 2024.1-28 | 10.00 | 61.00 | 71.00 | OK |
Version: 2024.1-28
Check: package dependencies
Result: ERROR
Package required but not available: ‘kyotil’
See section ‘The DESCRIPTION file’ in the ‘Writing R Extensions’
manual.
Flavor: r-devel-linux-x86_64-fedora-clang