Last updated on 2024-05-04 09:49:48 CEST.
Flavor | Version | Tinstall | Tcheck | Ttotal | Status | Flags |
---|---|---|---|---|---|---|
r-devel-linux-x86_64-debian-clang | 0.3.12 | 16.73 | 121.25 | 137.98 | OK | |
r-devel-linux-x86_64-debian-gcc | 0.3.12 | 12.69 | 85.83 | 98.52 | OK | |
r-devel-linux-x86_64-fedora-clang | 0.3.12 | 169.43 | OK | |||
r-devel-linux-x86_64-fedora-gcc | 0.3.12 | 171.74 | OK | |||
r-devel-windows-x86_64 | 0.3.12 | 16.00 | 110.00 | 126.00 | OK | |
r-patched-linux-x86_64 | 0.3.12 | 21.72 | 112.72 | 134.44 | OK | |
r-release-linux-x86_64 | 0.3.12 | 11.84 | 113.51 | 125.35 | OK | |
r-release-macos-arm64 | 0.3.12 | 48.00 | OK | |||
r-release-windows-x86_64 | 0.3.12 | 16.00 | 107.00 | 123.00 | OK | |
r-oldrel-macos-arm64 | 0.3.12 | 48.00 | OK | |||
r-oldrel-macos-x86_64 | 0.3.12 | 73.00 | NOTE | |||
r-oldrel-windows-x86_64 | 0.3.12 | 22.00 | 133.00 | 155.00 | OK |
Version: 0.3.12
Check: package dependencies
Result: NOTE
Package suggested but not available for checking: ‘MBESS’
Flavor: r-oldrel-macos-x86_64