Last updated on 2024-05-04 09:49:48 CEST.
Flavor | Version | Tinstall | Tcheck | Ttotal | Status | Flags |
---|---|---|---|---|---|---|
r-devel-linux-x86_64-debian-clang | 1.6.5 | 122.72 | 111.89 | 234.61 | NOTE | |
r-devel-linux-x86_64-debian-gcc | 1.6.5 | 102.96 | 82.83 | 185.79 | NOTE | |
r-devel-linux-x86_64-fedora-clang | 1.6.5 | 336.80 | NOTE | |||
r-devel-linux-x86_64-fedora-gcc | 1.6.5 | 348.62 | NOTE | |||
r-devel-windows-x86_64 | 1.6.5 | 109.00 | 166.00 | 275.00 | NOTE | |
r-patched-linux-x86_64 | 1.6.5 | 129.42 | 106.58 | 236.00 | NOTE | |
r-release-linux-x86_64 | 1.6.5 | 128.81 | 105.85 | 234.66 | NOTE | |
r-release-macos-arm64 | 1.6.5 | 80.00 | NOTE | |||
r-release-windows-x86_64 | 1.6.5 | 107.00 | 164.00 | 271.00 | NOTE | |
r-oldrel-macos-arm64 | 1.6.5 | 89.00 | NOTE | |||
r-oldrel-macos-x86_64 | 1.6.5 | 140.00 | NOTE | |||
r-oldrel-windows-x86_64 | 1.6.5 | 134.00 | 181.00 | 315.00 | NOTE |
Version: 1.6.5
Check: C++ specification
Result: NOTE
Specified C++11: please drop specification unless essential
Flavors: r-devel-linux-x86_64-debian-clang, r-devel-linux-x86_64-debian-gcc, r-devel-linux-x86_64-fedora-clang, r-devel-linux-x86_64-fedora-gcc, r-devel-windows-x86_64, r-patched-linux-x86_64, r-release-linux-x86_64, r-release-macos-arm64, r-release-windows-x86_64, r-oldrel-macos-arm64, r-oldrel-macos-x86_64, r-oldrel-windows-x86_64
Version: 1.6.5
Check: installed package size
Result: NOTE
installed size is 5.9Mb
sub-directories of 1Mb or more:
R 2.0Mb
data 2.7Mb
Flavors: r-devel-linux-x86_64-fedora-clang, r-devel-windows-x86_64, r-release-macos-arm64, r-release-windows-x86_64, r-oldrel-macos-arm64, r-oldrel-macos-x86_64, r-oldrel-windows-x86_64