Last updated on 2024-05-04 09:49:48 CEST.
Flavor | Version | Tinstall | Tcheck | Ttotal | Status | Flags |
---|---|---|---|---|---|---|
r-devel-linux-x86_64-debian-clang | 0.7-3 | 349.39 | 178.65 | 528.04 | OK | |
r-devel-linux-x86_64-debian-gcc | 0.7-3 | 245.13 | 128.65 | 373.78 | OK | |
r-devel-linux-x86_64-fedora-clang | 0.7-3 | 751.12 | OK | |||
r-devel-linux-x86_64-fedora-gcc | 0.7-3 | 722.50 | OK | |||
r-devel-windows-x86_64 | 0.7-3 | 243.00 | 172.00 | 415.00 | OK | |
r-patched-linux-x86_64 | 0.7-3 | 224.39 | 171.33 | 395.72 | OK | |
r-release-linux-x86_64 | 0.7-3 | 243.51 | 167.79 | 411.30 | OK | |
r-release-macos-arm64 | 0.7-3 | 125.00 | NOTE | |||
r-release-macos-x86_64 | 0.7-3 | 217.00 | NOTE | |||
r-release-windows-x86_64 | 0.7-3 | 246.00 | 167.00 | 413.00 | OK | |
r-oldrel-macos-arm64 | 0.7-3 | 138.00 | NOTE | |||
r-oldrel-macos-x86_64 | 0.7-3 | 247.00 | NOTE | |||
r-oldrel-windows-x86_64 | 0.7-3 | 301.00 | 203.00 | 504.00 | OK |
Version: 0.7-3
Check: installed package size
Result: NOTE
installed size is 5.3Mb
sub-directories of 1Mb or more:
libs 4.8Mb
Flavors: r-release-macos-arm64, r-release-macos-x86_64, r-oldrel-macos-arm64, r-oldrel-macos-x86_64