Last updated on 2024-05-04 09:49:48 CEST.
Flavor | Version | Tinstall | Tcheck | Ttotal | Status | Flags |
---|---|---|---|---|---|---|
r-devel-linux-x86_64-debian-clang | 0.5.1 | 87.48 | 57.94 | 145.42 | OK | |
r-devel-linux-x86_64-debian-gcc | 0.5.1 | 68.96 | 44.08 | 113.04 | OK | |
r-devel-linux-x86_64-fedora-clang | 0.5.1 | 200.18 | OK | |||
r-devel-linux-x86_64-fedora-gcc | 0.5.1 | 215.18 | OK | |||
r-devel-windows-x86_64 | 0.5.1 | 69.00 | 90.00 | 159.00 | NOTE | |
r-patched-linux-x86_64 | 0.5.1 | 93.86 | 54.63 | 148.49 | OK | |
r-release-linux-x86_64 | 0.5.1 | 89.32 | 55.77 | 145.09 | OK | |
r-release-macos-arm64 | 0.5.1 | 49.00 | NOTE | |||
r-release-windows-x86_64 | 0.5.1 | 69.00 | 86.00 | 155.00 | NOTE | |
r-oldrel-macos-arm64 | 0.5.1 | 55.00 | NOTE | |||
r-oldrel-macos-x86_64 | 0.5.1 | 96.00 | NOTE | |||
r-oldrel-windows-x86_64 | 0.5.1 | 89.00 | 102.00 | 191.00 | NOTE |
Version: 0.5.1
Check: installed package size
Result: NOTE
installed size is 5.1Mb
sub-directories of 1Mb or more:
data 2.3Mb
libs 1.3Mb
Flavors: r-devel-windows-x86_64, r-release-macos-arm64, r-release-windows-x86_64, r-oldrel-macos-arm64, r-oldrel-macos-x86_64, r-oldrel-windows-x86_64