Last updated on 2024-05-04 09:49:48 CEST.
Flavor | Version | Tinstall | Tcheck | Ttotal | Status | Flags |
---|---|---|---|---|---|---|
r-devel-linux-x86_64-debian-clang | 0.27 | 8.94 | 41.81 | 50.75 | NOTE | |
r-devel-linux-x86_64-debian-gcc | 0.27 | 5.16 | 31.17 | 36.33 | NOTE | |
r-devel-linux-x86_64-fedora-clang | 0.27 | 57.92 | NOTE | |||
r-devel-linux-x86_64-fedora-gcc | 0.27 | 58.48 | NOTE | |||
r-devel-windows-x86_64 | 0.27 | 8.00 | 54.00 | 62.00 | NOTE | |
r-patched-linux-x86_64 | 0.27 | 6.08 | 39.49 | 45.57 | NOTE | |
r-release-linux-x86_64 | 0.27 | 5.81 | 39.09 | 44.90 | NOTE | |
r-release-macos-arm64 | 0.27 | 23.00 | NOTE | |||
r-release-macos-x86_64 | 0.27 | 58.00 | NOTE | |||
r-release-windows-x86_64 | 0.27 | 10.00 | 54.00 | 64.00 | NOTE | |
r-oldrel-macos-arm64 | 0.27 | 27.00 | NOTE | |||
r-oldrel-macos-x86_64 | 0.27 | 47.00 | NOTE | |||
r-oldrel-windows-x86_64 | 0.27 | 10.00 | 58.00 | 68.00 | NOTE |
Version: 0.27
Check: for GNU extensions in Makefiles
Result: NOTE
GNU make is a SystemRequirements.
Flavors: r-devel-linux-x86_64-debian-clang, r-devel-linux-x86_64-debian-gcc, r-devel-linux-x86_64-fedora-clang, r-devel-linux-x86_64-fedora-gcc, r-devel-windows-x86_64, r-patched-linux-x86_64, r-release-linux-x86_64, r-release-macos-arm64, r-release-macos-x86_64, r-release-windows-x86_64, r-oldrel-macos-arm64, r-oldrel-macos-x86_64, r-oldrel-windows-x86_64
Version: 0.27
Check: installed package size
Result: NOTE
installed size is 11.9Mb
sub-directories of 1Mb or more:
rmarkdown 11.7Mb
Flavors: r-devel-linux-x86_64-fedora-clang, r-devel-windows-x86_64, r-release-macos-arm64, r-release-macos-x86_64, r-release-windows-x86_64, r-oldrel-macos-arm64, r-oldrel-macos-x86_64, r-oldrel-windows-x86_64