Last updated on 2024-05-04 09:49:48 CEST.
Flavor | Version | Tinstall | Tcheck | Ttotal | Status | Flags |
---|---|---|---|---|---|---|
r-devel-linux-x86_64-debian-clang | 1.3-8 | 44.16 | 407.75 | 451.91 | OK | |
r-devel-linux-x86_64-debian-gcc | 1.3-8 | 31.40 | 288.51 | 319.91 | OK | |
r-devel-linux-x86_64-fedora-clang | 1.3-8 | 547.44 | NOTE | |||
r-devel-linux-x86_64-fedora-gcc | 1.3-8 | 536.16 | OK | |||
r-devel-windows-x86_64 | 1.3-8 | 28.00 | 278.00 | 306.00 | NOTE | |
r-patched-linux-x86_64 | 1.3-8 | 36.05 | 390.69 | 426.74 | OK | |
r-release-linux-x86_64 | 1.3-8 | 29.11 | 392.20 | 421.31 | OK | |
r-release-macos-arm64 | 1.3-8 | 124.00 | NOTE | |||
r-release-windows-x86_64 | 1.3-8 | 26.00 | 279.00 | 305.00 | NOTE | |
r-oldrel-macos-arm64 | 1.3-8 | 151.00 | NOTE | |||
r-oldrel-macos-x86_64 | 1.3-8 | 414.00 | NOTE | |||
r-oldrel-windows-x86_64 | 1.3-8 | 37.00 | 356.00 | 393.00 | NOTE |
Version: 1.3-8
Check: installed package size
Result: NOTE
installed size is 6.3Mb
sub-directories of 1Mb or more:
data 2.1Mb
doc 3.9Mb
Flavors: r-devel-linux-x86_64-fedora-clang, r-devel-windows-x86_64, r-release-macos-arm64, r-release-windows-x86_64, r-oldrel-macos-arm64, r-oldrel-macos-x86_64, r-oldrel-windows-x86_64