Last updated on 2024-05-04 13:49:19 CEST.
Flavor | Version | Tinstall | Tcheck | Ttotal | Status | Flags |
---|---|---|---|---|---|---|
r-devel-linux-x86_64-debian-clang | 0.2.12 | 136.39 | 31.39 | 167.78 | OK | |
r-devel-linux-x86_64-debian-gcc | 0.2.12 | 109.32 | 24.49 | 133.81 | OK | |
r-devel-linux-x86_64-fedora-clang | 0.2.12 | 279.16 | OK | |||
r-devel-linux-x86_64-fedora-gcc | 0.2.12 | 249.80 | OK | |||
r-devel-windows-x86_64 | 0.2.12 | 112.00 | 74.00 | 186.00 | OK | |
r-patched-linux-x86_64 | 0.2.12 | 130.99 | 31.10 | 162.09 | OK | |
r-release-linux-x86_64 | 0.2.12 | 126.65 | 31.31 | 157.96 | OK | |
r-release-macos-arm64 | 0.2.12 | 56.00 | NOTE | |||
r-release-windows-x86_64 | 0.2.12 | 110.00 | 70.00 | 180.00 | OK | |
r-oldrel-macos-arm64 | 0.2.12 | 57.00 | NOTE | |||
r-oldrel-macos-x86_64 | 0.2.12 | 76.00 | NOTE | |||
r-oldrel-windows-x86_64 | 0.2.12 | 107.00 | 81.00 | 188.00 | OK |
Version: 0.2.12
Check: installed package size
Result: NOTE
installed size is 8.9Mb
sub-directories of 1Mb or more:
libs 8.5Mb
Flavors: r-release-macos-arm64, r-oldrel-macos-arm64, r-oldrel-macos-x86_64