Last updated on 2024-05-04 13:49:19 CEST.
Flavor | Version | Tinstall | Tcheck | Ttotal | Status | Flags |
---|---|---|---|---|---|---|
r-devel-linux-x86_64-debian-clang | 0.9.13 | 5.66 | 23.58 | 29.24 | OK | |
r-devel-linux-x86_64-debian-gcc | 0.9.13 | 4.65 | 17.95 | 22.60 | OK | |
r-devel-linux-x86_64-fedora-clang | 0.9.13 | 40.37 | OK | |||
r-devel-linux-x86_64-fedora-gcc | 0.9.13 | 37.96 | OK | |||
r-devel-windows-x86_64 | 0.9.13 | 9.00 | 68.00 | 77.00 | OK | |
r-patched-linux-x86_64 | 0.9.13 | 5.87 | 22.48 | 28.35 | OK | |
r-release-linux-x86_64 | 0.9.13 | 5.70 | 22.01 | 27.71 | OK | |
r-release-macos-arm64 | 0.9.13 | 20.00 | NOTE | |||
r-release-macos-x86_64 | 0.9.13 | 40.00 | NOTE | |||
r-release-windows-x86_64 | 0.9.13 | 9.00 | 68.00 | 77.00 | OK | |
r-oldrel-macos-arm64 | 0.9.13 | 24.00 | NOTE | |||
r-oldrel-macos-x86_64 | 0.9.13 | 40.00 | NOTE | |||
r-oldrel-windows-x86_64 | 0.9.13 | 14.00 | 69.00 | 83.00 | OK |
Version: 0.9.13
Check: installed package size
Result: NOTE
installed size is 11.2Mb
sub-directories of 1Mb or more:
libs 11.1Mb
Flavors: r-release-macos-arm64, r-release-macos-x86_64, r-oldrel-macos-arm64, r-oldrel-macos-x86_64