Last updated on 2024-05-04 09:49:48 CEST.
Flavor | Version | Tinstall | Tcheck | Ttotal | Status | Flags |
---|---|---|---|---|---|---|
r-devel-linux-x86_64-debian-clang | 1.0.2 | 22.39 | 195.43 | 217.82 | OK | |
r-devel-linux-x86_64-debian-gcc | 1.0.2 | 16.58 | 142.61 | 159.19 | OK | |
r-devel-linux-x86_64-fedora-clang | 1.0.2 | 274.20 | NOTE | |||
r-devel-linux-x86_64-fedora-gcc | 1.0.2 | 251.80 | NOTE | |||
r-devel-windows-x86_64 | 1.0.2 | 19.00 | 151.00 | 170.00 | OK | |
r-patched-linux-x86_64 | 1.0.2 | 21.43 | 184.62 | 206.05 | OK | |
r-release-linux-x86_64 | 1.0.2 | 14.49 | 180.51 | 195.00 | OK | |
r-release-macos-arm64 | 1.0.2 | 79.00 | OK | |||
r-release-windows-x86_64 | 1.0.2 | 19.00 | 150.00 | 169.00 | OK | |
r-oldrel-macos-arm64 | 1.0.2 | 88.00 | OK | |||
r-oldrel-macos-x86_64 | 1.0.2 | 150.00 | OK | |||
r-oldrel-windows-x86_64 | 1.0.2 | 24.00 | 189.00 | 213.00 | OK |
Version: 1.0.2
Check: data for non-ASCII characters
Result: NOTE
Note: found 63 marked Latin-1 strings
Flavors: r-devel-linux-x86_64-fedora-clang, r-devel-linux-x86_64-fedora-gcc