Last updated on 2024-05-04 09:49:48 CEST.
Flavor | Version | Tinstall | Tcheck | Ttotal | Status | Flags |
---|---|---|---|---|---|---|
r-devel-linux-x86_64-debian-clang | 0.1.0 | 91.98 | 161.72 | 253.70 | NOTE | |
r-devel-linux-x86_64-debian-gcc | 0.1.0 | 68.53 | 118.68 | 187.21 | NOTE | |
r-devel-linux-x86_64-fedora-clang | 0.1.0 | 340.78 | NOTE | |||
r-devel-linux-x86_64-fedora-gcc | 0.1.0 | 346.04 | NOTE | |||
r-devel-windows-x86_64 | 0.1.0 | 69.00 | 148.00 | 217.00 | NOTE | |
r-patched-linux-x86_64 | 0.1.0 | 91.43 | 151.31 | 242.74 | NOTE | |
r-release-linux-x86_64 | 0.1.0 | 88.29 | 155.97 | 244.26 | NOTE | |
r-release-macos-arm64 | 0.1.0 | 82.00 | NOTE | |||
r-release-windows-x86_64 | 0.1.0 | 68.00 | 149.00 | 217.00 | NOTE | |
r-oldrel-macos-arm64 | 0.1.0 | 85.00 | NOTE | |||
r-oldrel-macos-x86_64 | 0.1.0 | 156.00 | NOTE | |||
r-oldrel-windows-x86_64 | 0.1.0 | 86.00 | 181.00 | 267.00 | NOTE |
Version: 0.1.0
Check: C++ specification
Result: NOTE
Specified C++11: please drop specification unless essential
Flavors: r-devel-linux-x86_64-debian-clang, r-devel-linux-x86_64-debian-gcc, r-devel-linux-x86_64-fedora-clang, r-devel-linux-x86_64-fedora-gcc, r-devel-windows-x86_64, r-patched-linux-x86_64, r-release-linux-x86_64, r-release-macos-arm64, r-release-windows-x86_64, r-oldrel-macos-arm64, r-oldrel-macos-x86_64, r-oldrel-windows-x86_64
Version: 0.1.0
Check: Rd files
Result: NOTE
checkRd: (-1) ModelHMMR-class.Rd:37: Lost braces; missing escapes or markup?
37 | class {StatHMMR}).
| ^
Flavors: r-devel-linux-x86_64-debian-clang, r-devel-linux-x86_64-debian-gcc, r-devel-linux-x86_64-fedora-clang, r-devel-linux-x86_64-fedora-gcc, r-devel-windows-x86_64, r-patched-linux-x86_64, r-release-linux-x86_64, r-release-macos-arm64, r-release-windows-x86_64
Version: 0.1.0
Check: installed package size
Result: NOTE
installed size is 6.6Mb
sub-directories of 1Mb or more:
doc 2.3Mb
help 3.4Mb
Flavors: r-devel-linux-x86_64-fedora-clang, r-devel-windows-x86_64, r-release-macos-arm64, r-release-windows-x86_64, r-oldrel-macos-arm64, r-oldrel-macos-x86_64, r-oldrel-windows-x86_64