Last updated on 2024-05-04 09:49:49 CEST.
Flavor | Version | Tinstall | Tcheck | Ttotal | Status | Flags |
---|---|---|---|---|---|---|
r-devel-linux-x86_64-debian-clang | 0.2.1 | 0.87 | 2.52 | 3.39 | ERROR | |
r-devel-linux-x86_64-debian-gcc | 0.2.1 | 49.13 | 361.15 | 410.28 | OK | |
r-devel-linux-x86_64-fedora-clang | 0.2.1 | 746.93 | OK | |||
r-devel-linux-x86_64-fedora-gcc | 0.2.1 | 671.73 | OK | |||
r-devel-windows-x86_64 | 0.2.1 | 57.00 | 343.00 | 400.00 | OK | |
r-patched-linux-x86_64 | 0.2.1 | 37.67 | 461.05 | 498.72 | OK | |
r-release-linux-x86_64 | 0.2.1 | 40.25 | 468.82 | 509.07 | OK | |
r-release-macos-arm64 | 0.2.1 | 203.00 | OK | |||
r-release-macos-x86_64 | 0.2.1 | 435.00 | OK | |||
r-release-windows-x86_64 | 0.2.1 | 60.00 | 338.00 | 398.00 | OK | |
r-oldrel-macos-arm64 | 0.2.1 | 218.00 | OK | |||
r-oldrel-macos-x86_64 | 0.2.1 | 477.00 | OK | |||
r-oldrel-windows-x86_64 | 0.2.1 | 74.00 | 467.00 | 541.00 | OK |
Version: 0.2.1
Check: package dependencies
Result: ERROR
Package required but not available: ‘biomaRt’
See section ‘The DESCRIPTION file’ in the ‘Writing R Extensions’
manual.
Flavor: r-devel-linux-x86_64-debian-clang