Last updated on 2024-05-04 09:49:49 CEST.
Flavor | Version | Tinstall | Tcheck | Ttotal | Status | Flags |
---|---|---|---|---|---|---|
r-devel-linux-x86_64-debian-clang | 1.6.2 | 0.65 | 2.23 | 2.88 | ERROR | |
r-devel-linux-x86_64-debian-gcc | 1.6.2 | 47.80 | 364.15 | 411.95 | OK | |
r-devel-linux-x86_64-fedora-clang | 1.6.2 | 784.16 | OK | |||
r-devel-linux-x86_64-fedora-gcc | 1.6.2 | 692.34 | OK | |||
r-devel-windows-x86_64 | 1.6.2 | 53.00 | 340.00 | 393.00 | OK | |
r-patched-linux-x86_64 | 1.6.2 | 62.77 | 470.20 | 532.97 | OK | |
r-release-linux-x86_64 | 1.6.2 | 42.38 | 473.56 | 515.94 | OK | |
r-release-macos-arm64 | 1.6.2 | 189.00 | OK | |||
r-release-macos-x86_64 | 1.6.2 | 261.00 | OK | |||
r-release-windows-x86_64 | 1.6.2 | 55.00 | 332.00 | 387.00 | OK | |
r-oldrel-macos-arm64 | 1.6.2 | 11.00 | ERROR | |||
r-oldrel-macos-x86_64 | 1.6.2 | 5.00 | ERROR | |||
r-oldrel-windows-x86_64 | 1.6.2 | 75.00 | 455.00 | 530.00 | OK |
Version: 1.6.2
Check: package dependencies
Result: ERROR
Package required but not available: ‘UCell’
See section ‘The DESCRIPTION file’ in the ‘Writing R Extensions’
manual.
Flavor: r-devel-linux-x86_64-debian-clang
Version: 1.6.2
Check: package dependencies
Result: ERROR
Package required and available but unsuitable version: ‘UCell’
See section ‘The DESCRIPTION file’ in the ‘Writing R Extensions’
manual.
Flavors: r-oldrel-macos-arm64, r-oldrel-macos-x86_64