Last updated on 2024-05-04 09:49:49 CEST.
Flavor | Version | Tinstall | Tcheck | Ttotal | Status | Flags |
---|---|---|---|---|---|---|
r-devel-linux-x86_64-debian-clang | 0.1.1 | 9.95 | 76.35 | 86.30 | OK | |
r-devel-linux-x86_64-debian-gcc | 0.1.1 | 7.38 | 58.03 | 65.41 | OK | |
r-devel-linux-x86_64-fedora-clang | 0.1.1 | 114.78 | NOTE | |||
r-devel-linux-x86_64-fedora-gcc | 0.1.1 | 118.88 | NOTE | |||
r-devel-windows-x86_64 | 0.1.1 | 9.00 | 72.00 | 81.00 | OK | |
r-patched-linux-x86_64 | 0.1.1 | 7.18 | 74.36 | 81.54 | OK | |
r-release-linux-x86_64 | 0.1.1 | 9.74 | 74.54 | 84.28 | OK | |
r-release-macos-arm64 | 0.1.1 | 39.00 | OK | |||
r-release-macos-x86_64 | 0.1.1 | 76.00 | OK | |||
r-release-windows-x86_64 | 0.1.1 | 8.00 | 72.00 | 80.00 | OK | |
r-oldrel-macos-arm64 | 0.1.1 | 45.00 | OK | |||
r-oldrel-macos-x86_64 | 0.1.1 | 70.00 | OK | |||
r-oldrel-windows-x86_64 | 0.1.1 | 11.00 | 82.00 | 93.00 | OK |
Version: 0.1.1
Check: dependencies in R code
Result: NOTE
Namespace in Imports field not imported from: ‘markdown’
All declared Imports should be used.
Flavors: r-devel-linux-x86_64-fedora-clang, r-devel-linux-x86_64-fedora-gcc