Last updated on 2024-05-04 01:48:58 CEST.
Flavor | Version | Tinstall | Tcheck | Ttotal | Status | Flags |
---|---|---|---|---|---|---|
r-devel-linux-x86_64-debian-clang | 2.3.3 | 12.47 | 123.59 | 136.06 | NOTE | |
r-devel-linux-x86_64-fedora-clang | 2.3.3 | 175.57 | NOTE | |||
r-devel-linux-x86_64-fedora-gcc | 2.3.3 | 175.56 | NOTE | |||
r-devel-windows-x86_64 | 2.3.3 | 13.00 | 142.00 | 155.00 | NOTE | |
r-patched-linux-x86_64 | 2.3.3 | 7.59 | 117.03 | 124.62 | NOTE | |
r-release-linux-x86_64 | 2.3.3 | 7.34 | 117.82 | 125.16 | NOTE | |
r-release-macos-arm64 | 2.3.3 | 61.00 | NOTE | |||
r-release-windows-x86_64 | 2.3.3 | 11.00 | 141.00 | 152.00 | NOTE | |
r-oldrel-macos-arm64 | 2.3.3 | 67.00 | NOTE | |||
r-oldrel-macos-x86_64 | 2.3.3 | 94.00 | NOTE | |||
r-oldrel-windows-x86_64 | 2.3.3 | 15.00 | 153.00 | 168.00 | NOTE |
Version: 2.3.3
Check: Rd files
Result: NOTE
checkRd: (-1) getSigmaR.Rd:13-14: Lost braces
13 | \item{digits}{digits}{number of decimal places to use when rounding,
| ^
checkRd: (-1) x.oreo.Rd:48: Escaped LaTeX specials: \_ \_
Flavors: r-devel-linux-x86_64-debian-clang, r-devel-linux-x86_64-fedora-clang, r-devel-linux-x86_64-fedora-gcc, r-devel-windows-x86_64, r-patched-linux-x86_64, r-release-linux-x86_64, r-release-macos-arm64, r-release-windows-x86_64
Version: 2.3.3
Check: Rd files
Result: NOTE
checkRd: (-1) x.oreo.Rd:48: Escaped LaTeX specials: \_ \_
Flavors: r-oldrel-macos-arm64, r-oldrel-macos-x86_64, r-oldrel-windows-x86_64