Last updated on 2024-05-04 13:49:19 CEST.
Flavor | Version | Tinstall | Tcheck | Ttotal | Status | Flags |
---|---|---|---|---|---|---|
r-devel-linux-x86_64-debian-clang | 1.4.5 | 327.56 | 93.25 | 420.81 | NOTE | |
r-devel-linux-x86_64-debian-gcc | 1.4.5 | 257.95 | 79.69 | 337.64 | OK | |
r-devel-linux-x86_64-fedora-clang | 1.4.5 | 681.41 | OK | |||
r-devel-linux-x86_64-fedora-gcc | 1.4.5 | 671.47 | OK | |||
r-devel-windows-x86_64 | 1.4.5 | 236.00 | 140.00 | 376.00 | OK | |
r-patched-linux-x86_64 | 1.4.5 | 321.25 | 104.37 | 425.62 | OK | |
r-release-linux-x86_64 | 1.4.5 | 306.61 | 101.41 | 408.02 | OK | |
r-release-macos-arm64 | 1.4.5 | 110.00 | NOTE | |||
r-release-windows-x86_64 | 1.4.5 | 236.00 | 145.00 | 381.00 | OK | |
r-oldrel-macos-arm64 | 1.4.5 | 143.00 | NOTE | |||
r-oldrel-macos-x86_64 | 1.4.5 | 236.00 | NOTE | |||
r-oldrel-windows-x86_64 | 1.4.5 | 216.00 | 156.00 | 372.00 | OK |
Version: 1.4.5
Check: package dependencies
Result: NOTE
Packages suggested but not available for checking: 'scater', 'splatter'
Flavor: r-devel-linux-x86_64-debian-clang
Version: 1.4.5
Check: installed package size
Result: NOTE
installed size is 17.3Mb
sub-directories of 1Mb or more:
libs 16.7Mb
Flavors: r-release-macos-arm64, r-oldrel-macos-arm64, r-oldrel-macos-x86_64