Last updated on 2024-05-04 09:49:49 CEST.
Flavor | Version | Tinstall | Tcheck | Ttotal | Status | Flags |
---|---|---|---|---|---|---|
r-devel-linux-x86_64-debian-clang | 5.7.8 | 127.67 | 146.13 | 273.80 | OK | |
r-devel-linux-x86_64-debian-gcc | 5.7.8 | 91.44 | 106.50 | 197.94 | OK | |
r-devel-linux-x86_64-fedora-clang | 5.7.8 | 374.86 | OK | |||
r-devel-linux-x86_64-fedora-gcc | 5.7.8 | 367.97 | OK | |||
r-devel-windows-x86_64 | 5.7.8 | 94.00 | 151.00 | 245.00 | OK | |
r-patched-linux-x86_64 | 5.7.8 | 119.96 | 139.70 | 259.66 | OK | |
r-release-linux-x86_64 | 5.7.8 | 106.55 | 135.72 | 242.27 | OK | |
r-release-macos-arm64 | 5.7.8 | 85.00 | NOTE | |||
r-release-macos-x86_64 | 5.7.8 | 235.00 | NOTE | |||
r-release-windows-x86_64 | 5.7.8 | 94.00 | 150.00 | 244.00 | OK | |
r-oldrel-macos-arm64 | 5.7.8 | 95.00 | NOTE | |||
r-oldrel-macos-x86_64 | 5.7.8 | 293.00 | NOTE | |||
r-oldrel-windows-x86_64 | 5.7.8 | 119.00 | 186.00 | 305.00 | OK |
Version: 5.7.8
Check: installed package size
Result: NOTE
installed size is 6.8Mb
sub-directories of 1Mb or more:
libs 3.9Mb
Flavors: r-release-macos-arm64, r-release-macos-x86_64, r-oldrel-macos-arm64, r-oldrel-macos-x86_64