Last updated on 2024-05-04 13:49:20 CEST.
Flavor | Version | Tinstall | Tcheck | Ttotal | Status | Flags |
---|---|---|---|---|---|---|
r-devel-linux-x86_64-debian-clang | 1.1.0 | 3.57 | 35.03 | 38.60 | NOTE | |
r-devel-linux-x86_64-debian-gcc | 1.1.0 | 2.61 | 27.15 | 29.76 | NOTE | |
r-devel-linux-x86_64-fedora-clang | 1.1.0 | 50.99 | NOTE | |||
r-devel-linux-x86_64-fedora-gcc | 1.1.0 | 65.34 | NOTE | |||
r-devel-windows-x86_64 | 1.1.0 | 4.00 | 53.00 | 57.00 | NOTE | |
r-patched-linux-x86_64 | 1.1.0 | 3.20 | 33.47 | 36.67 | NOTE | |
r-release-linux-x86_64 | 1.1.0 | 3.03 | 34.61 | 37.64 | NOTE | |
r-release-macos-arm64 | 1.1.0 | 25.00 | NOTE | |||
r-release-windows-x86_64 | 1.1.0 | 4.00 | 53.00 | 57.00 | NOTE | |
r-oldrel-macos-arm64 | 1.1.0 | 26.00 | NOTE | |||
r-oldrel-macos-x86_64 | 1.1.0 | 51.00 | NOTE | |||
r-oldrel-windows-x86_64 | 1.1.0 | 4.00 | 53.00 | 57.00 | NOTE |
Version: 1.1.0
Check: LazyData
Result: NOTE
'LazyData' is specified without a 'data' directory
Flavors: r-devel-linux-x86_64-debian-clang, r-devel-linux-x86_64-debian-gcc, r-devel-linux-x86_64-fedora-clang, r-devel-linux-x86_64-fedora-gcc, r-devel-windows-x86_64, r-patched-linux-x86_64, r-release-linux-x86_64, r-release-macos-arm64, r-release-windows-x86_64, r-oldrel-macos-arm64, r-oldrel-macos-x86_64, r-oldrel-windows-x86_64