Last updated on 2024-05-04 09:49:49 CEST.
Flavor | Version | Tinstall | Tcheck | Ttotal | Status | Flags |
---|---|---|---|---|---|---|
r-devel-linux-x86_64-debian-clang | 1.2.1 | 122.93 | 788.40 | 911.33 | OK | |
r-devel-linux-x86_64-debian-gcc | 1.2.1 | 103.09 | 433.66 | 536.75 | OK | |
r-devel-linux-x86_64-fedora-clang | 1.2.1 | 879.33 | NOTE | |||
r-devel-linux-x86_64-fedora-gcc | 1.2.1 | 676.29 | NOTE | |||
r-devel-windows-x86_64 | 1.2.1 | 94.00 | 574.00 | 668.00 | OK | |
r-patched-linux-x86_64 | 1.2.1 | 88.04 | 560.41 | 648.45 | OK | |
r-release-linux-x86_64 | 1.2.1 | 91.12 | 574.09 | 665.21 | OK | |
r-release-macos-arm64 | 1.2.1 | 256.00 | NOTE | |||
r-release-macos-x86_64 | 1.2.1 | 656.00 | NOTE | |||
r-release-windows-x86_64 | 1.2.1 | 84.00 | 562.00 | 646.00 | OK | |
r-oldrel-macos-arm64 | 1.2.1 | 259.00 | NOTE | |||
r-oldrel-macos-x86_64 | 1.2.1 | 714.00 | NOTE | |||
r-oldrel-windows-x86_64 | 1.2.1 | 112.00 | 768.00 | 880.00 | OK |
Version: 1.2.1
Check: data for non-ASCII characters
Result: NOTE
Note: found 1 marked UTF-8 string
Flavors: r-devel-linux-x86_64-fedora-clang, r-devel-linux-x86_64-fedora-gcc
Version: 1.2.1
Check: installed package size
Result: NOTE
installed size is 10.9Mb
sub-directories of 1Mb or more:
data 2.9Mb
libs 7.8Mb
Flavors: r-release-macos-arm64, r-release-macos-x86_64, r-oldrel-macos-arm64, r-oldrel-macos-x86_64