Last updated on 2024-05-04 13:49:20 CEST.
Flavor | Version | Tinstall | Tcheck | Ttotal | Status | Flags |
---|---|---|---|---|---|---|
r-devel-linux-x86_64-debian-clang | 1.2.5 | 65.47 | 134.11 | 199.58 | OK | |
r-devel-linux-x86_64-debian-gcc | 1.2.5 | 48.90 | 93.65 | 142.55 | OK | |
r-devel-linux-x86_64-fedora-clang | 1.2.5 | 248.79 | OK | |||
r-devel-linux-x86_64-fedora-gcc | 1.2.5 | 247.13 | OK | |||
r-devel-windows-x86_64 | 1.2.5 | 54.00 | 128.00 | 182.00 | OK | |
r-patched-linux-x86_64 | 1.2.5 | 59.12 | 124.18 | 183.30 | OK | |
r-release-linux-x86_64 | 1.2.5 | 68.42 | 122.37 | 190.79 | OK | |
r-release-macos-arm64 | 1.2.5 | 57.00 | OK | |||
r-release-windows-x86_64 | 1.2.5 | 50.00 | 125.00 | 175.00 | OK | |
r-oldrel-macos-arm64 | 1.2.5 | 63.00 | OK | |||
r-oldrel-macos-x86_64 | 1.2.5 | 115.00 | NOTE | |||
r-oldrel-windows-x86_64 | 1.2.5 | 66.00 | 159.00 | 225.00 | OK |
Version: 1.2.5
Check: package dependencies
Result: NOTE
Package suggested but not available for checking: ‘Rmpfr’
Flavor: r-oldrel-macos-x86_64