Last updated on 2024-05-04 13:49:20 CEST.
Flavor | Version | Tinstall | Tcheck | Ttotal | Status | Flags |
---|---|---|---|---|---|---|
r-devel-linux-x86_64-debian-clang | 1.1.0 | 10.81 | 28.50 | 39.31 | OK | |
r-devel-linux-x86_64-debian-gcc | 1.1.0 | 9.13 | 22.23 | 31.36 | OK | |
r-devel-linux-x86_64-fedora-clang | 1.1.0 | 40.52 | NOTE | |||
r-devel-linux-x86_64-fedora-gcc | 1.1.0 | 38.04 | OK | |||
r-devel-windows-x86_64 | 1.1.0 | 8.00 | 44.00 | 52.00 | NOTE | |
r-patched-linux-x86_64 | 1.1.0 | 5.37 | 26.96 | 32.33 | OK | |
r-release-linux-x86_64 | 1.1.0 | 6.29 | 26.98 | 33.27 | OK | |
r-release-macos-arm64 | 1.1.0 | 19.00 | NOTE | |||
r-release-windows-x86_64 | 1.1.0 | 8.00 | 42.00 | 50.00 | NOTE | |
r-oldrel-macos-arm64 | 1.1.0 | 23.00 | NOTE | |||
r-oldrel-macos-x86_64 | 1.1.0 | 40.00 | NOTE | |||
r-oldrel-windows-x86_64 | 1.1.0 | 8.00 | 44.00 | 52.00 | NOTE |
Version: 1.1.0
Check: installed package size
Result: NOTE
installed size is 34.6Mb
sub-directories of 1Mb or more:
www 34.5Mb
Flavors: r-devel-linux-x86_64-fedora-clang, r-devel-windows-x86_64, r-release-macos-arm64, r-release-windows-x86_64, r-oldrel-macos-arm64, r-oldrel-macos-x86_64, r-oldrel-windows-x86_64