Last updated on 2024-05-04 09:49:49 CEST.
Flavor | Version | Tinstall | Tcheck | Ttotal | Status | Flags |
---|---|---|---|---|---|---|
r-devel-linux-x86_64-debian-clang | 0.2.10 | 5.91 | 186.62 | 192.53 | OK | |
r-devel-linux-x86_64-debian-gcc | 0.2.10 | 3.49 | 137.02 | 140.51 | OK | |
r-devel-linux-x86_64-fedora-clang | 0.2.10 | 248.15 | NOTE | |||
r-devel-linux-x86_64-fedora-gcc | 0.2.10 | 246.13 | OK | |||
r-devel-windows-x86_64 | 0.2.10 | 7.00 | 151.00 | 158.00 | OK | |
r-patched-linux-x86_64 | 0.2.10 | 12.39 | 173.95 | 186.34 | OK | |
r-release-linux-x86_64 | 0.2.10 | 3.82 | 176.40 | 180.22 | OK | |
r-release-macos-arm64 | 0.2.10 | 72.00 | OK | |||
r-release-windows-x86_64 | 0.2.10 | 7.00 | 151.00 | 158.00 | OK | |
r-oldrel-macos-arm64 | 0.2.10 | 68.00 | OK | |||
r-oldrel-macos-x86_64 | 0.2.10 | 112.00 | OK | |||
r-oldrel-windows-x86_64 | 0.2.10 | 9.00 | 180.00 | 189.00 | OK |
Version: 0.2.10
Check: Rd cross-references
Result: NOTE
Undeclared package ‘qgraph’ in Rd xrefs
Flavor: r-devel-linux-x86_64-fedora-clang