Last updated on 2024-05-04 13:49:20 CEST.
Flavor | Version | Tinstall | Tcheck | Ttotal | Status | Flags |
---|---|---|---|---|---|---|
r-devel-linux-x86_64-debian-clang | 1.30.0 | 156.23 | 258.52 | 414.75 | OK | |
r-devel-linux-x86_64-debian-gcc | 1.30.0 | 112.64 | 183.84 | 296.48 | OK | |
r-devel-linux-x86_64-fedora-clang | 1.30.0 | 562.67 | OK | |||
r-devel-linux-x86_64-fedora-gcc | 1.30.0 | 538.26 | OK | |||
r-devel-windows-x86_64 | 1.30.0 | 121.00 | 213.00 | 334.00 | OK | |
r-patched-linux-x86_64 | 1.30.0 | 139.97 | 247.97 | 387.94 | OK | |
r-release-linux-x86_64 | 1.30.0 | 109.12 | 245.38 | 354.50 | OK | |
r-release-macos-arm64 | 1.30.0 | 110.00 | NOTE | |||
r-release-windows-x86_64 | 1.30.0 | 110.00 | 219.00 | 329.00 | OK | |
r-oldrel-macos-arm64 | 1.30.0 | 118.00 | NOTE | |||
r-oldrel-macos-x86_64 | 1.30.0 | 194.00 | NOTE | |||
r-oldrel-windows-x86_64 | 1.30.0 | 144.00 | 284.00 | 428.00 | OK |
Version: 1.30.0
Check: installed package size
Result: NOTE
installed size is 5.3Mb
sub-directories of 1Mb or more:
R 2.2Mb
libs 2.4Mb
Flavors: r-release-macos-arm64, r-oldrel-macos-arm64, r-oldrel-macos-x86_64