Last updated on 2024-05-04 09:49:49 CEST.
Flavor | Version | Tinstall | Tcheck | Ttotal | Status | Flags |
---|---|---|---|---|---|---|
r-devel-linux-x86_64-debian-clang | 1.2.3 | 0.60 | 2.25 | 2.85 | ERROR | |
r-devel-linux-x86_64-debian-gcc | 1.2.3 | 2.40 | 151.13 | 153.53 | NOTE | |
r-devel-linux-x86_64-fedora-clang | 1.2.3 | 285.95 | NOTE | |||
r-devel-linux-x86_64-fedora-gcc | 1.2.3 | 265.33 | NOTE | |||
r-devel-windows-x86_64 | 1.2.3 | 7.00 | 162.00 | 169.00 | NOTE | |
r-patched-linux-x86_64 | 1.2.3 | 4.65 | 191.07 | 195.72 | NOTE | |
r-release-linux-x86_64 | 1.2.3 | 2.57 | 192.22 | 194.79 | NOTE | |
r-release-macos-arm64 | 1.2.3 | 82.00 | NOTE | |||
r-release-macos-x86_64 | 1.2.3 | 154.00 | OK | |||
r-release-windows-x86_64 | 1.2.3 | 5.00 | 162.00 | 167.00 | NOTE | |
r-oldrel-macos-arm64 | 1.2.3 | 57.00 | NOTE | |||
r-oldrel-macos-x86_64 | 1.2.3 | 94.00 | NOTE | |||
r-oldrel-windows-x86_64 | 1.2.3 | 6.00 | 197.00 | 203.00 | OK |
Version: 1.2.3
Check: package dependencies
Result: ERROR
Packages required but not available: 'sva', 'cate'
Packages suggested but not available for checking:
'SummarizedExperiment', 'DESeq2', 'airway'
See section ‘The DESCRIPTION file’ in the ‘Writing R Extensions’
manual.
Flavor: r-devel-linux-x86_64-debian-clang
Version: 1.2.3
Check: Rd files
Result: NOTE
checkRd: (-1) poisthin.Rd:82-83: Lost braces in \itemize; \value handles \item{}{} directly
checkRd: (-1) poisthin.Rd:84-85: Lost braces in \itemize; \value handles \item{}{} directly
checkRd: (-1) poisthin.Rd:86: Lost braces in \itemize; \value handles \item{}{} directly
checkRd: (-1) poisthin.Rd:87-88: Lost braces in \itemize; \value handles \item{}{} directly
Flavors: r-devel-linux-x86_64-debian-gcc, r-devel-linux-x86_64-fedora-clang, r-devel-linux-x86_64-fedora-gcc, r-devel-windows-x86_64, r-patched-linux-x86_64, r-release-linux-x86_64, r-release-macos-arm64, r-release-windows-x86_64
Version: 1.2.3
Check: package dependencies
Result: NOTE
Package suggested but not available for checking: ‘airway’
Flavors: r-oldrel-macos-arm64, r-oldrel-macos-x86_64