Last updated on 2024-05-04 09:49:49 CEST.
Flavor | Version | Tinstall | Tcheck | Ttotal | Status | Flags |
---|---|---|---|---|---|---|
r-devel-linux-x86_64-debian-clang | 9.4 | 125.63 | 40.77 | 166.40 | NOTE | |
r-devel-linux-x86_64-debian-gcc | 9.4 | 103.11 | 30.90 | 134.01 | NOTE | |
r-devel-linux-x86_64-fedora-clang | 9.4 | 262.12 | NOTE | |||
r-devel-linux-x86_64-fedora-gcc | 9.4 | 248.40 | NOTE | |||
r-devel-windows-x86_64 | 9.4 | 241.00 | 105.00 | 346.00 | NOTE | |
r-patched-linux-x86_64 | 9.4 | 126.71 | 39.13 | 165.84 | NOTE | |
r-release-linux-x86_64 | 9.4 | 126.51 | 39.07 | 165.58 | NOTE | |
r-release-macos-arm64 | 9.4 | 85.00 | NOTE | |||
r-release-macos-x86_64 | 9.4 | 116.00 | WARN | |||
r-release-windows-x86_64 | 9.4 | 239.00 | 96.00 | 335.00 | NOTE | |
r-oldrel-macos-arm64 | 9.4 | 90.00 | NOTE | |||
r-oldrel-macos-x86_64 | 9.4 | 129.00 | NOTE | |||
r-oldrel-windows-x86_64 | 9.4 | 222.00 | 119.00 | 341.00 | NOTE |
Version: 9.4
Check: for GNU extensions in Makefiles
Result: NOTE
GNU make is a SystemRequirements.
Flavors: r-devel-linux-x86_64-debian-clang, r-devel-linux-x86_64-debian-gcc, r-devel-linux-x86_64-fedora-clang, r-devel-linux-x86_64-fedora-gcc, r-devel-windows-x86_64, r-patched-linux-x86_64, r-release-linux-x86_64, r-release-macos-arm64, r-release-macos-x86_64, r-release-windows-x86_64, r-oldrel-macos-arm64, r-oldrel-macos-x86_64, r-oldrel-windows-x86_64
Version: 9.4
Check: installed package size
Result: NOTE
installed size is 19.3Mb
sub-directories of 1Mb or more:
libs 17.8Mb
Flavors: r-release-macos-arm64, r-release-macos-x86_64, r-oldrel-macos-arm64, r-oldrel-macos-x86_64
Version: 9.4
Check: whether package can be installed
Result: WARN
Found the following significant warnings:
SingleChromosomeVCFIndex.cpp:109:51: warning: format specifies type 'long' but the argument has type 'int64_t' (aka 'long long') [-Wformat]
See ‘/Volumes/Builds/packages/big-sur-x86_64/results/4.4/seqminer.Rcheck/00install.out’ for details.
* used C compiler: ‘Apple clang version 14.0.3 (clang-1403.0.22.14.1)’
* used C++ compiler: ‘Apple clang version 14.0.3 (clang-1403.0.22.14.1)’
* used SDK: ‘MacOSX11.3.sdk’
Flavor: r-release-macos-x86_64