Last updated on 2024-05-04 09:49:49 CEST.
Flavor | Version | Tinstall | Tcheck | Ttotal | Status | Flags |
---|---|---|---|---|---|---|
r-devel-linux-x86_64-debian-clang | 1.2.0 | 0.84 | 2.82 | 3.66 | ERROR | |
r-devel-linux-x86_64-debian-gcc | 1.2.0 | 51.67 | 556.35 | 608.02 | OK | |
r-devel-linux-x86_64-fedora-clang | 1.2.0 | 1072.14 | OK | |||
r-devel-linux-x86_64-fedora-gcc | 1.2.0 | 942.82 | OK | |||
r-devel-windows-x86_64 | 1.2.0 | 51.00 | 630.00 | 681.00 | OK | |
r-patched-linux-x86_64 | 1.2.0 | 38.80 | 698.50 | 737.30 | OK | |
r-release-linux-x86_64 | 1.2.0 | 37.53 | 721.10 | 758.63 | OK | |
r-release-macos-arm64 | 1.2.0 | 279.00 | OK | |||
r-release-macos-x86_64 | 1.2.0 | 543.00 | OK | |||
r-release-windows-x86_64 | 1.2.0 | 50.00 | 629.00 | 679.00 | OK | |
r-oldrel-macos-arm64 | 1.2.0 | 337.00 | OK | |||
r-oldrel-macos-x86_64 | 1.2.0 | 460.00 | OK | |||
r-oldrel-windows-x86_64 | 1.2.0 | 68.00 | 786.00 | 854.00 | OK |
Version: 1.2.0
Check: package dependencies
Result: ERROR
Package required but not available: ‘alakazam’
See section ‘The DESCRIPTION file’ in the ‘Writing R Extensions’
manual.
Flavor: r-devel-linux-x86_64-debian-clang