Last updated on 2024-05-04 13:49:20 CEST.
Flavor | Version | Tinstall | Tcheck | Ttotal | Status | Flags |
---|---|---|---|---|---|---|
r-devel-linux-x86_64-debian-clang | 1.0.1 | 16.85 | 114.06 | 130.91 | NOTE | |
r-devel-linux-x86_64-debian-gcc | 1.0.1 | 12.33 | 84.87 | 97.20 | NOTE | |
r-devel-linux-x86_64-fedora-clang | 1.0.1 | 178.93 | NOTE | |||
r-devel-linux-x86_64-fedora-gcc | 1.0.1 | 166.93 | NOTE | |||
r-devel-windows-x86_64 | 1.0.1 | 15.00 | 92.00 | 107.00 | NOTE | |
r-patched-linux-x86_64 | 1.0.1 | 11.59 | 110.52 | 122.11 | NOTE | |
r-release-linux-x86_64 | 1.0.1 | 9.98 | 105.59 | 115.57 | NOTE | |
r-release-macos-arm64 | 1.0.1 | 43.00 | NOTE | |||
r-release-windows-x86_64 | 1.0.1 | 13.00 | 90.00 | 103.00 | NOTE | |
r-oldrel-macos-arm64 | 1.0.1 | 44.00 | NOTE | |||
r-oldrel-macos-x86_64 | 1.0.1 | 86.00 | NOTE | |||
r-oldrel-windows-x86_64 | 1.0.1 | 19.00 | 109.00 | 128.00 | NOTE |
Version: 1.0.1
Check: LazyData
Result: NOTE
'LazyData' is specified without a 'data' directory
Flavors: r-devel-linux-x86_64-debian-clang, r-devel-linux-x86_64-debian-gcc, r-devel-linux-x86_64-fedora-clang, r-devel-linux-x86_64-fedora-gcc, r-devel-windows-x86_64, r-patched-linux-x86_64, r-release-linux-x86_64, r-release-macos-arm64, r-release-windows-x86_64, r-oldrel-macos-arm64, r-oldrel-macos-x86_64, r-oldrel-windows-x86_64