Last updated on 2024-05-04 13:49:20 CEST.
Flavor | Version | Tinstall | Tcheck | Ttotal | Status | Flags |
---|---|---|---|---|---|---|
r-devel-linux-x86_64-debian-clang | 0.2.1 | 9.54 | 82.64 | 92.18 | NOTE | |
r-devel-linux-x86_64-debian-gcc | 0.2.1 | 6.43 | 58.63 | 65.06 | NOTE | |
r-devel-linux-x86_64-fedora-clang | 0.2.1 | 110.35 | NOTE | |||
r-devel-linux-x86_64-fedora-gcc | 0.2.1 | 117.90 | NOTE | |||
r-devel-windows-x86_64 | 0.2.1 | 10.00 | 78.00 | 88.00 | NOTE | |
r-patched-linux-x86_64 | 0.2.1 | 8.24 | 74.22 | 82.46 | NOTE | |
r-release-linux-x86_64 | 0.2.1 | 7.93 | 75.61 | 83.54 | NOTE | |
r-release-macos-arm64 | 0.2.1 | 38.00 | NOTE | |||
r-release-windows-x86_64 | 0.2.1 | 9.00 | 76.00 | 85.00 | NOTE | |
r-oldrel-macos-arm64 | 0.2.1 | 39.00 | OK | |||
r-oldrel-macos-x86_64 | 0.2.1 | 65.00 | OK | |||
r-oldrel-windows-x86_64 | 0.2.1 | 10.00 | 89.00 | 99.00 | OK |
Version: 0.2.1
Check: Rd files
Result: NOTE
checkRd: (-1) store_googledrive.Rd:19: Lost braces; missing escapes or markup?
19 | See the {gargle} package to manage authentication, and especially
| ^
checkRd: (-1) store_googledrive.Rd:20: Lost braces; missing escapes or markup?
20 | \href{https://gargle.r-lib.org/articles/articles/managing-tokens-securely.html}{this vignette from {gargle} package} to manage the process.
| ^
Flavors: r-devel-linux-x86_64-debian-clang, r-devel-linux-x86_64-debian-gcc, r-devel-linux-x86_64-fedora-clang, r-devel-linux-x86_64-fedora-gcc, r-devel-windows-x86_64, r-patched-linux-x86_64, r-release-linux-x86_64, r-release-macos-arm64, r-release-windows-x86_64