Last updated on 2024-05-04 09:49:50 CEST.
Flavor | Version | Tinstall | Tcheck | Ttotal | Status | Flags |
---|---|---|---|---|---|---|
r-devel-linux-x86_64-debian-clang | 1.0.1 | 4.88 | 53.47 | 58.35 | OK | |
r-devel-linux-x86_64-debian-gcc | 1.0.1 | 3.28 | 38.94 | 42.22 | OK | |
r-devel-linux-x86_64-fedora-clang | 1.0.1 | 72.09 | NOTE | |||
r-devel-linux-x86_64-fedora-gcc | 1.0.1 | 77.99 | NOTE | |||
r-devel-windows-x86_64 | 1.0.1 | 6.00 | 62.00 | 68.00 | OK | |
r-patched-linux-x86_64 | 1.0.1 | 4.28 | 50.92 | 55.20 | OK | |
r-release-linux-x86_64 | 1.0.1 | 2.67 | 48.85 | 51.52 | OK | |
r-release-macos-arm64 | 1.0.1 | 31.00 | OK | |||
r-release-windows-x86_64 | 1.0.1 | 6.00 | 63.00 | 69.00 | OK | |
r-oldrel-macos-arm64 | 1.0.1 | 33.00 | OK | |||
r-oldrel-macos-x86_64 | 1.0.1 | 43.00 | OK | |||
r-oldrel-windows-x86_64 | 1.0.1 | 6.00 | 67.00 | 73.00 | OK |
Version: 1.0.1
Check: dependencies in R code
Result: NOTE
Namespaces in Imports field not imported from:
‘pedtools’ ‘readr’
All declared Imports should be used.
Flavors: r-devel-linux-x86_64-fedora-clang, r-devel-linux-x86_64-fedora-gcc