Last updated on 2024-05-04 09:49:50 CEST.
Flavor | Version | Tinstall | Tcheck | Ttotal | Status | Flags |
---|---|---|---|---|---|---|
r-devel-linux-x86_64-debian-clang | 0.9.0.4 | 126.62 | 120.18 | 246.80 | OK | |
r-devel-linux-x86_64-debian-gcc | 0.9.0.4 | 101.33 | 85.77 | 187.10 | OK | |
r-devel-linux-x86_64-fedora-clang | 0.9.0.4 | 316.37 | NOTE | |||
r-devel-linux-x86_64-fedora-gcc | 0.9.0.4 | 320.14 | OK | |||
r-devel-windows-x86_64 | 0.9.0.4 | 107.00 | 133.00 | 240.00 | NOTE | |
r-patched-linux-x86_64 | 0.9.0.4 | 118.22 | 110.64 | 228.86 | OK | |
r-release-linux-x86_64 | 0.9.0.4 | 114.34 | 110.11 | 224.45 | OK | |
r-release-macos-arm64 | 0.9.0.4 | 67.00 | NOTE | |||
r-release-windows-x86_64 | 0.9.0.4 | 107.00 | 129.00 | 236.00 | NOTE | |
r-oldrel-macos-arm64 | 0.9.0.4 | 76.00 | NOTE | |||
r-oldrel-macos-x86_64 | 0.9.0.4 | 151.00 | NOTE | |||
r-oldrel-windows-x86_64 | 0.9.0.4 | 128.00 | 166.00 | 294.00 | NOTE |
Version: 0.9.0.4
Check: installed package size
Result: NOTE
installed size is 14.4Mb
sub-directories of 1Mb or more:
extdata 13.0Mb
Flavors: r-devel-linux-x86_64-fedora-clang, r-devel-windows-x86_64, r-release-macos-arm64, r-release-windows-x86_64, r-oldrel-macos-arm64, r-oldrel-macos-x86_64, r-oldrel-windows-x86_64