Last updated on 2024-05-04 09:49:50 CEST.
Flavor | Version | Tinstall | Tcheck | Ttotal | Status | Flags |
---|---|---|---|---|---|---|
r-devel-linux-x86_64-debian-clang | 0.1.2 | 61.94 | 140.88 | 202.82 | OK | |
r-devel-linux-x86_64-debian-gcc | 0.1.2 | 46.62 | 106.71 | 153.33 | OK | |
r-devel-linux-x86_64-fedora-clang | 0.1.2 | 271.88 | OK | |||
r-devel-linux-x86_64-fedora-gcc | 0.1.2 | 266.47 | OK | |||
r-devel-windows-x86_64 | 0.1.2 | 48.00 | 148.00 | 196.00 | OK | |
r-patched-linux-x86_64 | 0.1.2 | 53.64 | 137.11 | 190.75 | OK | |
r-release-linux-x86_64 | 0.1.2 | 51.10 | 141.88 | 192.98 | OK | |
r-release-macos-arm64 | 0.1.2 | 72.00 | NOTE | |||
r-release-macos-x86_64 | 0.1.2 | 129.00 | NOTE | |||
r-release-windows-x86_64 | 0.1.2 | 47.00 | 154.00 | 201.00 | OK | |
r-oldrel-macos-arm64 | 0.1.2 | 66.00 | NOTE | |||
r-oldrel-macos-x86_64 | 0.1.2 | 117.00 | NOTE | |||
r-oldrel-windows-x86_64 | 0.1.2 | 60.00 | 183.00 | 243.00 | OK |
Version: 0.1.2
Check: installed package size
Result: NOTE
installed size is 5.4Mb
sub-directories of 1Mb or more:
data 2.3Mb
libs 2.7Mb
Flavors: r-release-macos-arm64, r-release-macos-x86_64, r-oldrel-macos-arm64, r-oldrel-macos-x86_64