Last updated on 2024-05-04 13:49:20 CEST.
Flavor | Version | Tinstall | Tcheck | Ttotal | Status | Flags |
---|---|---|---|---|---|---|
r-devel-linux-x86_64-debian-clang | 0.1.5.4 | 87.99 | 443.07 | 531.06 | NOTE | |
r-devel-linux-x86_64-debian-gcc | 0.1.5.4 | 71.33 | 343.70 | 415.03 | NOTE | |
r-devel-linux-x86_64-fedora-clang | 0.1.5.4 | 686.97 | NOTE | |||
r-devel-linux-x86_64-fedora-gcc | 0.1.5.4 | 700.58 | NOTE | |||
r-devel-windows-x86_64 | 0.1.5.4 | 77.00 | 72.00 | 149.00 | NOTE | --no-vignettes |
r-patched-linux-x86_64 | 0.1.5.4 | 91.08 | 442.58 | 533.66 | NOTE | |
r-release-linux-x86_64 | 0.1.5.4 | 91.45 | 430.47 | 521.92 | NOTE | |
r-release-macos-arm64 | 0.1.5.4 | 337.00 | NOTE | |||
r-release-windows-x86_64 | 0.1.5.4 | 74.00 | 75.00 | 149.00 | NOTE | --no-vignettes |
r-oldrel-macos-arm64 | 0.1.5.4 | 369.00 | NOTE | |||
r-oldrel-macos-x86_64 | 0.1.5.4 | 712.00 | NOTE | |||
r-oldrel-windows-x86_64 | 0.1.5.4 | 91.00 | 83.00 | 174.00 | NOTE | --no-vignettes |
Version: 0.1.5.4
Check: for GNU extensions in Makefiles
Result: NOTE
GNU make is a SystemRequirements.
Flavors: r-devel-linux-x86_64-debian-clang, r-devel-linux-x86_64-debian-gcc, r-devel-linux-x86_64-fedora-clang, r-devel-linux-x86_64-fedora-gcc, r-patched-linux-x86_64, r-release-linux-x86_64, r-release-macos-arm64, r-oldrel-macos-arm64, r-oldrel-macos-x86_64
Version: 0.1.5.4
Check: compiled code
Result: NOTE
File ‘skm/libs/skm.so’:
Found no calls to: ‘R_registerRoutines’, ‘R_useDynamicSymbols’
It is good practice to register native routines and to disable symbol
search.
See ‘Writing portable packages’ in the ‘Writing R Extensions’ manual.
Flavors: r-devel-linux-x86_64-fedora-clang, r-devel-linux-x86_64-fedora-gcc
Version: 0.1.5.4
Flags: --no-vignettes
Check: for GNU extensions in Makefiles
Result: NOTE
GNU make is a SystemRequirements.
Flavors: r-devel-windows-x86_64, r-release-windows-x86_64, r-oldrel-windows-x86_64
Version: 0.1.5.4
Check: installed package size
Result: NOTE
installed size is 7.0Mb
sub-directories of 1Mb or more:
doc 1.1Mb
libs 4.9Mb
Flavors: r-release-macos-arm64, r-oldrel-macos-arm64, r-oldrel-macos-x86_64