Last updated on 2024-05-04 13:49:20 CEST.
Flavor | Version | Tinstall | Tcheck | Ttotal | Status | Flags |
---|---|---|---|---|---|---|
r-devel-linux-x86_64-debian-clang | 0.1.2 | 59.64 | 29.58 | 89.22 | OK | |
r-devel-linux-x86_64-debian-gcc | 0.1.2 | 48.24 | 22.55 | 70.79 | OK | |
r-devel-linux-x86_64-fedora-clang | 0.1.2 | 120.63 | OK | |||
r-devel-linux-x86_64-fedora-gcc | 0.1.2 | 132.85 | OK | |||
r-devel-windows-x86_64 | 0.1.2 | 50.00 | 59.00 | 109.00 | OK | |
r-patched-linux-x86_64 | 0.1.2 | 59.33 | 27.15 | 86.48 | OK | |
r-release-linux-x86_64 | 0.1.2 | 55.12 | 28.21 | 83.33 | OK | |
r-release-macos-arm64 | 0.1.2 | 40.00 | NOTE | |||
r-release-macos-x86_64 | 0.1.2 | 88.00 | NOTE | |||
r-release-windows-x86_64 | 0.1.2 | 52.00 | 61.00 | 113.00 | OK | |
r-oldrel-macos-arm64 | 0.1.2 | 50.00 | NOTE | |||
r-oldrel-macos-x86_64 | 0.1.2 | 95.00 | NOTE | |||
r-oldrel-windows-x86_64 | 0.1.2 | 46.00 | 67.00 | 113.00 | OK |
Version: 0.1.2
Check: installed package size
Result: NOTE
installed size is 7.2Mb
sub-directories of 1Mb or more:
libs 7.0Mb
Flavors: r-release-macos-arm64, r-release-macos-x86_64, r-oldrel-macos-arm64, r-oldrel-macos-x86_64