Last updated on 2024-05-04 09:49:50 CEST.
Flavor | Version | Tinstall | Tcheck | Ttotal | Status | Flags |
---|---|---|---|---|---|---|
r-devel-linux-x86_64-debian-clang | 1.0.3 | 56.53 | 110.70 | 167.23 | NOTE | |
r-devel-linux-x86_64-debian-gcc | 1.0.3 | 45.28 | 78.05 | 123.33 | NOTE | |
r-devel-linux-x86_64-fedora-clang | 1.0.3 | 220.11 | NOTE | |||
r-devel-linux-x86_64-fedora-gcc | 1.0.3 | 235.77 | NOTE | |||
r-devel-windows-x86_64 | 1.0.3 | 48.00 | 122.00 | 170.00 | NOTE | |
r-patched-linux-x86_64 | 1.0.3 | 56.75 | 104.11 | 160.86 | NOTE | |
r-release-linux-x86_64 | 1.0.3 | 52.51 | 102.26 | 154.77 | NOTE | |
r-release-macos-arm64 | 1.0.3 | 56.00 | NOTE | |||
r-release-windows-x86_64 | 1.0.3 | 47.00 | 118.00 | 165.00 | NOTE | |
r-oldrel-macos-arm64 | 1.0.3 | 60.00 | NOTE | |||
r-oldrel-macos-x86_64 | 1.0.3 | 100.00 | NOTE | |||
r-oldrel-windows-x86_64 | 1.0.3 | 55.00 | 133.00 | 188.00 | NOTE |
Version: 1.0.3
Check: C++ specification
Result: NOTE
Specified C++11: please drop specification unless essential
Flavors: r-devel-linux-x86_64-debian-clang, r-devel-linux-x86_64-debian-gcc, r-devel-linux-x86_64-fedora-clang, r-devel-linux-x86_64-fedora-gcc, r-devel-windows-x86_64, r-patched-linux-x86_64, r-release-linux-x86_64, r-release-macos-arm64, r-release-windows-x86_64, r-oldrel-macos-arm64, r-oldrel-macos-x86_64, r-oldrel-windows-x86_64
Version: 1.0.3
Check: Rd files
Result: NOTE
checkRd: (-1) getKernel.Rd:25-26: Lost braces in \itemize; \value handles \item{}{} directly
checkRd: (-1) getKernel.Rd:27-28: Lost braces in \itemize; \value handles \item{}{} directly
Flavors: r-devel-linux-x86_64-debian-clang, r-devel-linux-x86_64-debian-gcc, r-devel-linux-x86_64-fedora-clang, r-devel-linux-x86_64-fedora-gcc, r-devel-windows-x86_64, r-patched-linux-x86_64, r-release-linux-x86_64, r-release-macos-arm64, r-release-windows-x86_64
Version: 1.0.3
Check: installed package size
Result: NOTE
installed size is 5.1Mb
sub-directories of 1Mb or more:
libs 4.2Mb
Flavors: r-release-macos-arm64, r-oldrel-macos-arm64, r-oldrel-macos-x86_64