Last updated on 2024-05-04 05:50:34 CEST.
Flavor | Version | Tinstall | Tcheck | Ttotal | Status | Flags |
---|---|---|---|---|---|---|
r-devel-linux-x86_64-debian-clang | 1.0.0 | 22.28 | 310.65 | 332.93 | NOTE | |
r-devel-linux-x86_64-fedora-clang | 1.0.0 | 436.94 | OK | |||
r-devel-linux-x86_64-fedora-gcc | 1.0.0 | 394.89 | OK | |||
r-devel-windows-x86_64 | 1.0.0 | 21.00 | 243.00 | 264.00 | OK | |
r-patched-linux-x86_64 | 1.0.0 | 21.90 | 294.66 | 316.56 | OK | |
r-release-linux-x86_64 | 1.0.0 | 17.32 | 292.09 | 309.41 | OK | |
r-release-macos-arm64 | 1.0.0 | 112.00 | OK | |||
r-release-macos-x86_64 | 1.0.0 | 221.00 | OK | |||
r-release-windows-x86_64 | 1.0.0 | 22.00 | 238.00 | 260.00 | OK | |
r-oldrel-macos-arm64 | 1.0.0 | 11.00 | ERROR | |||
r-oldrel-macos-x86_64 | 1.0.0 | 9.00 | ERROR | |||
r-oldrel-windows-x86_64 | 1.0.0 | 27.00 | 290.00 | 317.00 | OK |
Version: 1.0.0
Check: package dependencies
Result: NOTE
Package suggested but not available for checking: ‘biomaRt’
Flavor: r-devel-linux-x86_64-debian-clang
Version: 1.0.0
Check: package dependencies
Result: ERROR
Package required but not available: ‘GWASTools’
See section ‘The DESCRIPTION file’ in the ‘Writing R Extensions’
manual.
Flavors: r-oldrel-macos-arm64, r-oldrel-macos-x86_64