Last updated on 2024-05-04 09:49:50 CEST.
Flavor | Version | Tinstall | Tcheck | Ttotal | Status | Flags |
---|---|---|---|---|---|---|
r-devel-linux-x86_64-debian-clang | 0.18.2 | 0.49 | 2.35 | 2.84 | ERROR | |
r-devel-linux-x86_64-debian-gcc | 0.18.2 | 27.32 | 166.46 | 193.78 | OK | |
r-devel-linux-x86_64-fedora-clang | 0.18.2 | 346.84 | OK | |||
r-devel-linux-x86_64-fedora-gcc | 0.18.2 | 317.05 | OK | |||
r-devel-windows-x86_64 | 0.18.2 | 20.00 | 5.00 | 25.00 | ERROR | |
r-patched-linux-x86_64 | 0.18.2 | 28.99 | 210.79 | 239.78 | OK | |
r-release-linux-x86_64 | 0.18.2 | 20.94 | 210.77 | 231.71 | OK | |
r-release-macos-arm64 | 0.18.2 | 89.00 | OK | |||
r-release-macos-x86_64 | 0.18.2 | 175.00 | OK | |||
r-release-windows-x86_64 | 0.18.2 | 33.00 | 194.00 | 227.00 | OK | |
r-oldrel-macos-arm64 | 0.18.2 | 100.00 | OK | |||
r-oldrel-macos-x86_64 | 0.18.2 | 128.00 | OK | |||
r-oldrel-windows-x86_64 | 0.18.2 | 42.00 | 240.00 | 282.00 | OK |
Version: 0.18.2
Check: package dependencies
Result: ERROR
Package required but not available: ‘biomaRt’
See section ‘The DESCRIPTION file’ in the ‘Writing R Extensions’
manual.
Flavor: r-devel-linux-x86_64-debian-clang
Version: 0.18.2
Check: whether package can be installed
Result: ERROR
Installation failed.
Flavor: r-devel-windows-x86_64