Last updated on 2024-05-04 13:49:21 CEST.
Flavor | Version | Tinstall | Tcheck | Ttotal | Status | Flags |
---|---|---|---|---|---|---|
r-devel-linux-x86_64-debian-clang | 0.1.0 | 8.96 | 100.40 | 109.36 | NOTE | |
r-devel-linux-x86_64-debian-gcc | 0.1.0 | 6.47 | 75.40 | 81.87 | NOTE | |
r-devel-linux-x86_64-fedora-clang | 0.1.0 | 134.03 | NOTE | |||
r-devel-linux-x86_64-fedora-gcc | 0.1.0 | 127.52 | NOTE | |||
r-devel-windows-x86_64 | 0.1.0 | 9.00 | 86.00 | 95.00 | NOTE | |
r-patched-linux-x86_64 | 0.1.0 | 7.34 | 95.11 | 102.45 | NOTE | |
r-release-linux-x86_64 | 0.1.0 | 8.84 | 99.22 | 108.06 | NOTE | |
r-release-macos-arm64 | 0.1.0 | 39.00 | NOTE | |||
r-release-windows-x86_64 | 0.1.0 | 8.00 | 84.00 | 92.00 | NOTE | |
r-oldrel-macos-arm64 | 0.1.0 | 44.00 | NOTE | |||
r-oldrel-macos-x86_64 | 0.1.0 | 73.00 | NOTE | |||
r-oldrel-windows-x86_64 | 0.1.0 | 10.00 | 105.00 | 115.00 | NOTE |
Version: 0.1.0
Check: LazyData
Result: NOTE
'LazyData' is specified without a 'data' directory
Flavors: r-devel-linux-x86_64-debian-clang, r-devel-linux-x86_64-debian-gcc, r-devel-linux-x86_64-fedora-clang, r-devel-linux-x86_64-fedora-gcc, r-devel-windows-x86_64, r-patched-linux-x86_64, r-release-linux-x86_64, r-release-macos-arm64, r-release-windows-x86_64, r-oldrel-macos-arm64, r-oldrel-macos-x86_64, r-oldrel-windows-x86_64