Last updated on 2024-05-04 09:49:50 CEST.
Flavor | Version | Tinstall | Tcheck | Ttotal | Status | Flags |
---|---|---|---|---|---|---|
r-devel-linux-x86_64-debian-clang | 0.4.0 | 5.15 | 43.49 | 48.64 | NOTE | |
r-devel-linux-x86_64-debian-gcc | 0.4.0 | 4.32 | 34.13 | 38.45 | NOTE | |
r-devel-linux-x86_64-fedora-clang | 0.4.0 | 61.70 | NOTE | |||
r-devel-linux-x86_64-fedora-gcc | 0.4.0 | 74.53 | NOTE | |||
r-devel-windows-x86_64 | 0.4.0 | 5.00 | 65.00 | 70.00 | NOTE | |
r-patched-linux-x86_64 | 0.4.0 | 6.08 | 42.45 | 48.53 | NOTE | |
r-release-linux-x86_64 | 0.4.0 | 4.59 | 44.55 | 49.14 | NOTE | |
r-release-macos-arm64 | 0.4.0 | 31.00 | NOTE | |||
r-release-windows-x86_64 | 0.4.0 | 6.00 | 65.00 | 71.00 | NOTE | |
r-oldrel-macos-arm64 | 0.4.0 | 29.00 | OK | |||
r-oldrel-macos-x86_64 | 0.4.0 | 42.00 | OK | |||
r-oldrel-windows-x86_64 | 0.4.0 | 7.00 | 66.00 | 73.00 | OK |
Version: 0.4.0
Check: Rd files
Result: NOTE
checkRd: (-1) db_compact.Rd:41: Lost braces; missing escapes or markup?
41 | database structure will be set to true. See GET /{db}. You can also obtain a list of
| ^
Flavors: r-devel-linux-x86_64-debian-clang, r-devel-linux-x86_64-debian-gcc, r-devel-linux-x86_64-fedora-clang, r-devel-linux-x86_64-fedora-gcc, r-devel-windows-x86_64, r-patched-linux-x86_64, r-release-linux-x86_64, r-release-macos-arm64, r-release-windows-x86_64