Last updated on 2024-05-04 13:49:21 CEST.
Flavor | Version | Tinstall | Tcheck | Ttotal | Status | Flags |
---|---|---|---|---|---|---|
r-devel-linux-x86_64-debian-clang | 1.3 | 285.62 | 92.23 | 377.85 | OK | |
r-devel-linux-x86_64-debian-gcc | 1.3 | 207.35 | 70.40 | 277.75 | OK | |
r-devel-linux-x86_64-fedora-clang | 1.3 | 527.72 | OK | |||
r-devel-linux-x86_64-fedora-gcc | 1.3 | 537.69 | OK | |||
r-devel-windows-x86_64 | 1.3 | 204.00 | 103.00 | 307.00 | OK | |
r-patched-linux-x86_64 | 1.3 | 268.55 | 89.06 | 357.61 | OK | |
r-release-linux-x86_64 | 1.3 | 277.72 | 89.67 | 367.39 | OK | |
r-release-macos-arm64 | 1.3 | 102.00 | NOTE | |||
r-release-windows-x86_64 | 1.3 | 206.00 | 103.00 | 309.00 | OK | |
r-oldrel-macos-arm64 | 1.3 | 124.00 | NOTE | |||
r-oldrel-macos-x86_64 | 1.3 | 178.00 | NOTE | |||
r-oldrel-windows-x86_64 | 1.3 | 255.00 | 121.00 | 376.00 | OK |
Version: 1.3
Check: installed package size
Result: NOTE
installed size is 13.4Mb
sub-directories of 1Mb or more:
data 3.3Mb
libs 9.5Mb
Flavors: r-release-macos-arm64, r-oldrel-macos-arm64, r-oldrel-macos-x86_64