Last updated on 2024-05-04 09:49:50 CEST.
Flavor | Version | Tinstall | Tcheck | Ttotal | Status | Flags |
---|---|---|---|---|---|---|
r-devel-linux-x86_64-debian-clang | 1.3 | 280.27 | 292.60 | 572.87 | OK | |
r-devel-linux-x86_64-debian-gcc | 1.3 | 207.23 | 238.30 | 445.53 | OK | |
r-devel-linux-x86_64-fedora-clang | 1.3 | 780.80 | OK | |||
r-devel-linux-x86_64-fedora-gcc | 1.3 | 795.95 | OK | |||
r-devel-windows-x86_64 | 1.3 | 214.00 | 275.00 | 489.00 | OK | |
r-patched-linux-x86_64 | 1.3 | 271.18 | 287.89 | 559.07 | OK | |
r-release-linux-x86_64 | 1.3 | 270.33 | 294.61 | 564.94 | OK | |
r-release-macos-arm64 | 1.3 | 233.00 | NOTE | |||
r-release-windows-x86_64 | 1.3 | 206.00 | 280.00 | 486.00 | OK | |
r-oldrel-macos-arm64 | 1.3 | 267.00 | NOTE | |||
r-oldrel-macos-x86_64 | 1.3 | 366.00 | NOTE | |||
r-oldrel-windows-x86_64 | 1.3 | 256.00 | 368.00 | 624.00 | OK |
Version: 1.3
Check: installed package size
Result: NOTE
installed size is 8.8Mb
sub-directories of 1Mb or more:
libs 8.1Mb
Flavors: r-release-macos-arm64, r-oldrel-macos-arm64, r-oldrel-macos-x86_64