Last updated on 2024-05-04 17:53:03 CEST.
Flavor | Version | Tinstall | Tcheck | Ttotal | Status | Flags |
---|---|---|---|---|---|---|
r-devel-linux-x86_64-debian-clang | 0.1.1 | 6.31 | 68.59 | 74.90 | NOTE | |
r-devel-linux-x86_64-debian-gcc | 0.1.1 | 5.52 | 50.12 | 55.64 | NOTE | |
r-devel-linux-x86_64-fedora-clang | 0.1.1 | 100.35 | NOTE | |||
r-devel-linux-x86_64-fedora-gcc | 0.1.1 | 94.26 | NOTE | |||
r-devel-windows-x86_64 | 0.1.1 | 7.00 | 67.00 | 74.00 | NOTE | |
r-patched-linux-x86_64 | 0.1.1 | 4.90 | 62.36 | 67.26 | NOTE | |
r-release-linux-x86_64 | 0.1.1 | 5.70 | 64.16 | 69.86 | NOTE | |
r-release-macos-arm64 | 0.1.1 | 28.00 | NOTE | |||
r-release-windows-x86_64 | 0.1.1 | 7.00 | 66.00 | 73.00 | NOTE | |
r-oldrel-macos-arm64 | 0.1.1 | 35.00 | NOTE | |||
r-oldrel-macos-x86_64 | 0.1.1 | 51.00 | NOTE | |||
r-oldrel-windows-x86_64 | 0.1.1 | 9.00 | 75.00 | 84.00 | NOTE |
Version: 0.1.1
Check: LazyData
Result: NOTE
'LazyData' is specified without a 'data' directory
Flavors: r-devel-linux-x86_64-debian-clang, r-devel-linux-x86_64-debian-gcc, r-devel-linux-x86_64-fedora-clang, r-devel-linux-x86_64-fedora-gcc, r-devel-windows-x86_64, r-patched-linux-x86_64, r-release-linux-x86_64, r-release-macos-arm64, r-release-windows-x86_64, r-oldrel-macos-arm64, r-oldrel-macos-x86_64, r-oldrel-windows-x86_64