Last updated on 2024-05-04 13:49:21 CEST.
Flavor | Version | Tinstall | Tcheck | Ttotal | Status | Flags |
---|---|---|---|---|---|---|
r-devel-linux-x86_64-debian-clang | 1.0 | 124.22 | 345.71 | 469.93 | OK | |
r-devel-linux-x86_64-debian-gcc | 1.0 | 87.77 | 309.53 | 397.30 | OK | |
r-devel-linux-x86_64-fedora-clang | 1.0 | 611.55 | OK | |||
r-devel-linux-x86_64-fedora-gcc | 1.0 | 628.81 | OK | |||
r-devel-windows-x86_64 | 1.0 | 91.00 | 383.00 | 474.00 | OK | |
r-patched-linux-x86_64 | 1.0 | 114.64 | 350.86 | 465.50 | OK | |
r-release-linux-x86_64 | 1.0 | 109.46 | 352.55 | 462.01 | OK | |
r-release-macos-arm64 | 1.0 | 192.00 | OK | |||
r-release-windows-x86_64 | 1.0 | 88.00 | 405.00 | 493.00 | OK | |
r-oldrel-macos-arm64 | 1.0 | 217.00 | NOTE | |||
r-oldrel-macos-x86_64 | 1.0 | 391.00 | NOTE | |||
r-oldrel-windows-x86_64 | 1.0 | 108.00 | 496.00 | 604.00 | OK |
Version: 1.0
Check: installed package size
Result: NOTE
installed size is 5.2Mb
sub-directories of 1Mb or more:
libs 4.4Mb
Flavors: r-oldrel-macos-arm64, r-oldrel-macos-x86_64