Last updated on 2024-05-04 13:49:21 CEST.
Flavor | Version | Tinstall | Tcheck | Ttotal | Status | Flags |
---|---|---|---|---|---|---|
r-devel-linux-x86_64-debian-clang | 1.0.2 | 23.74 | 331.51 | 355.25 | OK | |
r-devel-linux-x86_64-debian-gcc | 1.0.2 | 18.93 | 240.90 | 259.83 | OK | |
r-devel-linux-x86_64-fedora-clang | 1.0.2 | 430.58 | NOTE | |||
r-devel-linux-x86_64-fedora-gcc | 1.0.2 | 445.92 | OK | |||
r-devel-windows-x86_64 | 1.0.2 | 24.00 | 226.00 | 250.00 | OK | |
r-patched-linux-x86_64 | 1.0.2 | 21.99 | 321.38 | 343.37 | OK | |
r-release-linux-x86_64 | 1.0.2 | 14.35 | 337.25 | 351.60 | OK | |
r-release-macos-arm64 | 1.0.2 | 101.00 | OK | |||
r-release-windows-x86_64 | 1.0.2 | 24.00 | 233.00 | 257.00 | OK | |
r-oldrel-macos-arm64 | 1.0.2 | 121.00 | OK | |||
r-oldrel-macos-x86_64 | 1.0.2 | 252.00 | OK | |||
r-oldrel-windows-x86_64 | 1.0.2 | 29.00 | 323.00 | 352.00 | OK |
Version: 1.0.2
Check: installed package size
Result: NOTE
installed size is 5.8Mb
sub-directories of 1Mb or more:
libs 4.9Mb
Flavor: r-devel-linux-x86_64-fedora-clang