Last updated on 2024-05-04 13:49:21 CEST.
Flavor | Version | Tinstall | Tcheck | Ttotal | Status | Flags |
---|---|---|---|---|---|---|
r-devel-linux-x86_64-debian-clang | 3.0-1 | 9.60 | 106.82 | 116.42 | NOTE | |
r-devel-linux-x86_64-debian-gcc | 3.0-1 | 8.69 | 80.22 | 88.91 | NOTE | |
r-devel-linux-x86_64-fedora-clang | 3.0-1 | 145.72 | NOTE | |||
r-devel-linux-x86_64-fedora-gcc | 3.0-1 | 138.93 | NOTE | |||
r-devel-windows-x86_64 | 3.0-1 | 9.00 | 91.00 | 100.00 | NOTE | |
r-patched-linux-x86_64 | 3.0-1 | 6.72 | 101.91 | 108.63 | NOTE | |
r-release-linux-x86_64 | 3.0-1 | 7.78 | 103.28 | 111.06 | NOTE | |
r-release-macos-arm64 | 3.0-1 | 56.00 | NOTE | |||
r-release-windows-x86_64 | 3.0-1 | 10.00 | 86.00 | 96.00 | NOTE | |
r-oldrel-macos-arm64 | 3.0-1 | 51.00 | NOTE | |||
r-oldrel-macos-x86_64 | 3.0-1 | 87.00 | NOTE | |||
r-oldrel-windows-x86_64 | 3.0-1 | 12.00 | 107.00 | 119.00 | NOTE |
Version: 3.0-1
Check: package dependencies
Result: NOTE
Depends: includes the non-default packages:
'spatstat.geom', 'spatstat.random', 'spatstat.explore',
'spatstat.model', 'spatstat.linnet', 'spatstat.data', 'spatstat',
'rpanel', 'tcltk'
Adding so many packages to the search path is excessive and importing
selectively is preferable.
Flavors: r-devel-linux-x86_64-debian-clang, r-devel-linux-x86_64-debian-gcc, r-devel-linux-x86_64-fedora-clang, r-devel-linux-x86_64-fedora-gcc, r-devel-windows-x86_64, r-patched-linux-x86_64, r-release-linux-x86_64, r-release-macos-arm64, r-release-windows-x86_64, r-oldrel-macos-arm64, r-oldrel-macos-x86_64, r-oldrel-windows-x86_64