Last updated on 2024-05-04 13:49:21 CEST.
Flavor | Version | Tinstall | Tcheck | Ttotal | Status | Flags |
---|---|---|---|---|---|---|
r-devel-linux-x86_64-debian-clang | 0.4-2 | 13.03 | 218.65 | 231.68 | NOTE | |
r-devel-linux-x86_64-debian-gcc | 0.4-2 | 11.36 | 155.81 | 167.17 | NOTE | |
r-devel-linux-x86_64-fedora-clang | 0.4-2 | 296.53 | NOTE | |||
r-devel-linux-x86_64-fedora-gcc | 0.4-2 | 292.27 | NOTE | |||
r-devel-windows-x86_64 | 0.4-2 | 13.00 | 149.00 | 162.00 | NOTE | |
r-patched-linux-x86_64 | 0.4-2 | 18.07 | 214.18 | 232.25 | NOTE | |
r-release-linux-x86_64 | 0.4-2 | 11.97 | 207.47 | 219.44 | NOTE | |
r-release-macos-arm64 | 0.4-2 | 86.00 | NOTE | |||
r-release-windows-x86_64 | 0.4-2 | 14.00 | 152.00 | 166.00 | NOTE | |
r-oldrel-macos-arm64 | 0.4-2 | 85.00 | OK | |||
r-oldrel-macos-x86_64 | 0.4-2 | 175.00 | OK | |||
r-oldrel-windows-x86_64 | 0.4-2 | 17.00 | 193.00 | 210.00 | OK |
Version: 0.4-2
Check: Rd files
Result: NOTE
checkRd: (-1) NEWS.Rd:137: Escaped LaTeX specials: \&
Flavors: r-devel-linux-x86_64-debian-clang, r-devel-linux-x86_64-debian-gcc, r-devel-linux-x86_64-fedora-clang, r-devel-linux-x86_64-fedora-gcc, r-devel-windows-x86_64, r-patched-linux-x86_64, r-release-linux-x86_64, r-release-macos-arm64, r-release-windows-x86_64