Last updated on 2024-05-04 13:49:21 CEST.
Flavor | Version | Tinstall | Tcheck | Ttotal | Status | Flags |
---|---|---|---|---|---|---|
r-devel-linux-x86_64-debian-clang | 0.2.1 | 170.99 | 84.37 | 255.36 | OK | |
r-devel-linux-x86_64-debian-gcc | 0.2.1 | 119.83 | 54.47 | 174.30 | OK | |
r-devel-linux-x86_64-fedora-clang | 0.2.1 | 340.59 | OK | |||
r-devel-linux-x86_64-fedora-gcc | 0.2.1 | 332.85 | OK | |||
r-devel-windows-x86_64 | 0.2.1 | 118.00 | 92.00 | 210.00 | OK | |
r-patched-linux-x86_64 | 0.2.1 | 121.28 | 73.05 | 194.33 | OK | |
r-release-linux-x86_64 | 0.2.1 | 107.42 | 73.07 | 180.49 | OK | |
r-release-macos-arm64 | 0.2.1 | 66.00 | NOTE | |||
r-release-macos-x86_64 | 0.2.1 | 102.00 | NOTE | |||
r-release-windows-x86_64 | 0.2.1 | 115.00 | 93.00 | 208.00 | OK | |
r-oldrel-macos-arm64 | 0.2.1 | 78.00 | NOTE | |||
r-oldrel-macos-x86_64 | 0.2.1 | 102.00 | NOTE | |||
r-oldrel-windows-x86_64 | 0.2.1 | 139.00 | 110.00 | 249.00 | OK |
Version: 0.2.1
Check: installed package size
Result: NOTE
installed size is 6.6Mb
sub-directories of 1Mb or more:
libs 6.0Mb
Flavors: r-release-macos-arm64, r-release-macos-x86_64, r-oldrel-macos-arm64, r-oldrel-macos-x86_64