Last updated on 2024-05-04 13:49:21 CEST.
Flavor | Version | Tinstall | Tcheck | Ttotal | Status | Flags |
---|---|---|---|---|---|---|
r-devel-linux-x86_64-debian-clang | 2.2.4 | 11.08 | 81.34 | 92.42 | NOTE | |
r-devel-linux-x86_64-debian-gcc | 2.2.4 | 7.24 | 60.47 | 67.71 | NOTE | |
r-devel-linux-x86_64-fedora-clang | 2.2.4 | 116.24 | NOTE | |||
r-devel-linux-x86_64-fedora-gcc | 2.2.4 | 107.83 | NOTE | |||
r-devel-windows-x86_64 | 2.2.4 | 12.00 | 90.00 | 102.00 | NOTE | |
r-patched-linux-x86_64 | 2.2.4 | 10.19 | 76.43 | 86.62 | NOTE | |
r-release-linux-x86_64 | 2.2.4 | 5.71 | 76.93 | 82.64 | NOTE | |
r-release-macos-arm64 | 2.2.4 | 36.00 | NOTE | |||
r-release-windows-x86_64 | 2.2.4 | 9.00 | 87.00 | 96.00 | NOTE | |
r-oldrel-macos-arm64 | 2.2.4 | 32.00 | OK | |||
r-oldrel-macos-x86_64 | 2.2.4 | 52.00 | OK | |||
r-oldrel-windows-x86_64 | 2.2.4 | 13.00 | 103.00 | 116.00 | OK |
Version: 2.2.4
Check: Rd files
Result: NOTE
checkRd: (-1) get_my_currently_playing.Rd:15: Lost braces
15 | href{https://developer.spotify.com/documentation/general/guides/track-relinking-guide/}{Track Relinking}}
| ^
checkRd: (-1) get_my_currently_playing.Rd:15: Lost braces
15 | href{https://developer.spotify.com/documentation/general/guides/track-relinking-guide/}{Track Relinking}}
| ^
Flavors: r-devel-linux-x86_64-debian-clang, r-devel-linux-x86_64-debian-gcc, r-devel-linux-x86_64-fedora-clang, r-devel-linux-x86_64-fedora-gcc, r-devel-windows-x86_64, r-patched-linux-x86_64, r-release-linux-x86_64, r-release-macos-arm64, r-release-windows-x86_64