Last updated on 2024-05-06 01:48:39 CEST.
Flavor | Version | Tinstall | Tcheck | Ttotal | Status | Flags |
---|---|---|---|---|---|---|
r-devel-linux-x86_64-debian-clang | 5.5.1 | 41.13 | 447.17 | 488.30 | OK | |
r-devel-linux-x86_64-debian-gcc | 5.5.1 | 25.86 | 324.15 | 350.01 | OK | |
r-devel-linux-x86_64-fedora-clang | 5.5.1 | 588.12 | NOTE | |||
r-devel-linux-x86_64-fedora-gcc | 5.5.1 | 590.60 | OK | |||
r-devel-windows-x86_64 | 5.5.1 | 29.00 | 287.00 | 316.00 | NOTE | |
r-patched-linux-x86_64 | 5.5.1 | 25.33 | 427.37 | 452.70 | OK | |
r-release-linux-x86_64 | 5.5.1 | 27.57 | 426.53 | 454.10 | OK | |
r-release-macos-arm64 | 5.5.1 | 136.00 | NOTE | |||
r-release-windows-x86_64 | 5.5.1 | 29.00 | 289.00 | 318.00 | NOTE | |
r-oldrel-macos-arm64 | 5.5.1 | 139.00 | NOTE | |||
r-oldrel-macos-x86_64 | 5.5.1 | 370.00 | NOTE | |||
r-oldrel-windows-x86_64 | 5.5.1 | 40.00 | 371.00 | 411.00 | NOTE |
Version: 5.5.1
Check: installed package size
Result: NOTE
installed size is 7.1Mb
sub-directories of 1Mb or more:
doc 5.5Mb
Flavors: r-devel-linux-x86_64-fedora-clang, r-devel-windows-x86_64, r-release-macos-arm64, r-release-windows-x86_64, r-oldrel-macos-arm64, r-oldrel-macos-x86_64, r-oldrel-windows-x86_64