Last updated on 2024-05-04 09:49:51 CEST.
Flavor | Version | Tinstall | Tcheck | Ttotal | Status | Flags |
---|---|---|---|---|---|---|
r-devel-linux-x86_64-debian-clang | 1.0.3 | 16.96 | 182.72 | 199.68 | OK | |
r-devel-linux-x86_64-debian-gcc | 1.0.3 | 15.16 | 133.21 | 148.37 | OK | |
r-devel-linux-x86_64-fedora-clang | 1.0.3 | 253.97 | NOTE | |||
r-devel-linux-x86_64-fedora-gcc | 1.0.3 | 251.10 | OK | |||
r-devel-windows-x86_64 | 1.0.3 | 18.00 | 157.00 | 175.00 | OK | |
r-patched-linux-x86_64 | 1.0.3 | 20.40 | 174.15 | 194.55 | OK | |
r-release-linux-x86_64 | 1.0.3 | 15.20 | 174.36 | 189.56 | OK | |
r-release-macos-arm64 | 1.0.3 | 76.00 | OK | |||
r-release-windows-x86_64 | 1.0.3 | 19.00 | 155.00 | 174.00 | OK | |
r-oldrel-macos-arm64 | 1.0.3 | 85.00 | OK | |||
r-oldrel-macos-x86_64 | 1.0.3 | 126.00 | OK | |||
r-oldrel-windows-x86_64 | 1.0.3 | 24.00 | 198.00 | 222.00 | OK |
Version: 1.0.3
Check: Rd cross-references
Result: NOTE
Undeclared package ‘plyr’ in Rd xrefs
Flavor: r-devel-linux-x86_64-fedora-clang