Last updated on 2024-05-04 13:49:21 CEST.
Flavor | Version | Tinstall | Tcheck | Ttotal | Status | Flags |
---|---|---|---|---|---|---|
r-devel-linux-x86_64-debian-clang | 1.1.6 | 1017.50 | 179.99 | 1197.49 | NOTE | |
r-devel-linux-x86_64-debian-gcc | 1.1.6 | 935.44 | 185.67 | 1121.11 | NOTE | |
r-devel-linux-x86_64-fedora-clang | 1.1.6 | 1395.79 | NOTE | |||
r-devel-linux-x86_64-fedora-gcc | 1.1.6 | 1949.06 | NOTE | |||
r-devel-windows-x86_64 | 1.1.6 | 723.00 | 219.00 | 942.00 | NOTE | |
r-patched-linux-x86_64 | 1.1.6 | 806.54 | 238.49 | 1045.03 | NOTE | |
r-release-linux-x86_64 | 1.1.6 | 802.77 | 243.31 | 1046.08 | NOTE | |
r-release-macos-arm64 | 1.1.6 | 340.00 | NOTE | |||
r-release-windows-x86_64 | 1.1.6 | 715.00 | 211.00 | 926.00 | NOTE | |
r-oldrel-macos-arm64 | 1.1.6 | 359.00 | NOTE | |||
r-oldrel-macos-x86_64 | 1.1.6 | 584.00 | NOTE | |||
r-oldrel-windows-x86_64 | 1.1.6 | 936.00 | 267.00 | 1203.00 | NOTE |
Version: 1.1.6
Check: for GNU extensions in Makefiles
Result: NOTE
GNU make is a SystemRequirements.
Flavors: r-devel-linux-x86_64-debian-clang, r-devel-linux-x86_64-debian-gcc, r-devel-linux-x86_64-fedora-clang, r-devel-linux-x86_64-fedora-gcc, r-devel-windows-x86_64, r-patched-linux-x86_64, r-release-linux-x86_64, r-release-macos-arm64, r-release-windows-x86_64, r-oldrel-macos-arm64, r-oldrel-macos-x86_64, r-oldrel-windows-x86_64
Version: 1.1.6
Check: installed package size
Result: NOTE
installed size is 9.2Mb
sub-directories of 1Mb or more:
libs 8.7Mb
Flavors: r-devel-linux-x86_64-fedora-clang, r-devel-windows-x86_64, r-release-macos-arm64, r-release-windows-x86_64, r-oldrel-macos-arm64, r-oldrel-macos-x86_64, r-oldrel-windows-x86_64